- l, 0 = -2*q + 5*a + 622. Suppose -q = -12*t + 6*t. List the prime factors of t.
3, 17
Suppose 3*t = 3*m + 220695, 327*m = -3*t + 325*m + 220675. List the prime factors of t.
73561
Suppose -2*t = -5*c - 245, c + 3*t + 72 = 8*t. Let k = c + 76. Let j = -12 + k. List the prime factors of j.
17
Let f(m) = -16*m + 146. Let n be f(9). Suppose 3*d - 2877 = 3*x, 3*d = -n*d + 4*x + 4794. List the prime factors of d.
2, 479
Let l = -61 - -66. Suppose 2*m = -r + 8, l + 14 = 5*m + 3*r. Suppose -2*h - 56 = -k - 0*k, 301 = m*k - 3*h. What are the prime factors of k?
2, 31
Let p be (53/2)/((-3)/(-18)). Suppose 98*v = 105*v + 651. Let k = v + p. What are the prime factors of k?
2, 3, 11
Let s(z) = 70*z**2 - 2*z + 71. List the prime factors of s(14).
13763
Let f = -111 + 30. List the prime factors of -10 + 14 - (-1 + f).
2, 43
Let p(s) = -39*s - 346. Let t be p(-9). Suppose t*m + 5 = 0, 3*n + m = 4*m + 1473. List the prime factors of n.
2, 5, 7
Let a(k) = 17224*k**2 + 28*k - 27. What are the prime factors of a(1)?
5, 13, 53
Let p = -297 + 277. Let y(z) = z**3 + 21*z**2 - 19*z - 14. List the prime factors of y(p).
2, 383
Let j(v) be the first derivative of v**4/4 - 10*v**3/3 + 7*v**2/2 + 25*v + 2. Let o = -2001 + 2011. What are the prime factors of j(o)?
5, 19
Let y be (6 + 3)*1/3. Suppose 2*d + y*i + 4 = 0, -3*i = 2*d + 2*d - 4. Suppose -5*b = 4*w - 694, 0*w - 2*w = -d*b + 550. List the prime factors of b.
2, 3, 23
Suppose 12*k - 55 = -451. Suppose 0 = 13*h - 12*h + 30. Let z = h - k. What are the prime factors of z?
3
Let q = -23290 + 35506. List the prime factors of q.
2, 3, 509
Let y = 20328 - 13015. List the prime factors of y.
71, 103
Suppose 4*b - b = 0. Suppose -4*y + l = -0*y - 1085, b = -2*l - 10. What are the prime factors of y?
2, 3, 5
Let o = 103 - 93. Suppose 40 = 6*c + o. List the prime factors of c.
5
Suppose -8 = -2*d + 3*i, 0*d = -4*d + 4*i + 16. Suppose -1284 = -3*a + d*m, -22*a + 2175 = -17*a + 5*m. What are the prime factors of a?
2, 3
Let p be 6/(-111) - 1542/222. List the prime factors of (15 - 1)/((-7)/1274*p).
2, 7, 13
What are the prime factors of (-2177)/21*((-12 - -13) + -61)?
2, 5, 311
Let a = -19 - -21. Suppose 5*h = 3*d + 30, -h + 1 = -2*d + a. Suppose -7*g + h*g - 76 = 0. List the prime factors of g.
2, 19
Suppose -3*r + 3*h = 21, r + 3*h = -3 - 0. List the prime factors of (r/15)/(9/(-3195)).
2, 71
Let h be 25/(150/(-9828)) - 8/(-2). Let t = 2324 + h. List the prime factors of t.
2, 3, 5, 23
Suppose 2*w - 21*w = -152. Suppose w*a = -28 + 540. What are the prime factors of a?
2
Let p be (4 - (-442)/8)/(2/8). Suppose p = 3*b - 18. Suppose -7*r + 524 = -b. What are the prime factors of r?
3, 29
Let z be (-8 + -3 - -4)*(-1 - 0). Let v(r) = -r**3 + 13*r**2 - 15*r - 9. List the prime factors of v(z).
2, 3, 5
Let l = -399 + 399. Suppose -36*v + 41*v - 1120 = l. What are the prime factors of v?
2, 7
Suppose -3*t = -191 - 19. Suppose 0 = -3*i + 143 + t. List the prime factors of i.
71
Suppose 31*v + 5702 + 5892 = 0. Let a = v - -642. List the prime factors of a.
2, 67
Let x = 41 - 38. Suppose q = 3*h + 528, -x*q + q + h = -1061. List the prime factors of q.
3, 59
Let z be (-2 - (-3 - -5)) + 2. Let a(s) = 3*s - 8. Let d be a(z). What are the prime factors of 4*(-4 + d/(-4)) - -142?
2, 5, 7
Suppose -20*j + 4*j = 2720. Let p = 1 + -3. What are the prime factors of (0 - -1)/(p/j)?
5, 17
Let d = 59 - 56. Let p = 132 - d. Let j = p - 61. List the prime factors of j.
2, 17
Suppose 374187 = 21*d - 242520. What are the prime factors of d?
3, 13, 251
Suppose 0 = 8*x + 9012 + 524. List the prime factors of -7 - (3 + x + -3).
3, 5, 79
Let s be (-5 - -231) + 3/(-3). Suppose -11*p + s = -402. What are the prime factors of p?
3, 19
Let x(j) = 3*j**3 + 2*j**2 + 13*j + 5969. List the prime factors of x(0).
47, 127
Let n = -13 - -35. Let o = n - 46. What are the prime factors of -2 + (o/5)/(6/(-135))?
2, 53
Let y(d) = d**2. Let r(b) = 8*b**2 - 14*b - 3. Let h(m) = r(m) + 2*y(m). List the prime factors of h(4).
101
Suppose -3*b = 5*h - 515, 18 = 5*h - 3*b - 467. List the prime factors of h/(-60) - 6214/(-6).
2, 11, 47
Let l(g) = -g**2 + 3*g + 18. Let h be l(8). Let k be ((3 - 2) + 1)/4*h. List the prime factors of 2 - k - 0 - 1.
2, 3
Let r = 35 - 7. Suppose 32*t + 68 = r*t. Let a = 5 - t. What are the prime factors of a?
2, 11
Suppose -5*t = -25, 5*v - 3*t = -0*v + 2525. Let x = v - 351. Suppose 4*b = -3*g + x + 87, -3*g = 2*b - 242. List the prime factors of g.
2, 5
Suppose -12*y - 1180 = -7*y. Let l = 430 + y. What are the prime factors of l?
2, 97
Let y be -10 + (6 - -2) - 8. What are the prime factors of -2680*(5 + (4 - (-95)/y))?
2, 5, 67
Let q = -32 - -30. Let o(x) = -27*x + 1. Let t be o(q). Let m = -35 + t. List the prime factors of m.
2, 5
Let f be 98/3 + (-2 - (-8)/6). Suppose 5*n - f = r, -3*n + 9 = r + 81. Let s = 99 - r. List the prime factors of s.
2, 3, 13
Suppose -15*k - 29 = -2*d - 10*k, -5*d - 3*k - 5 = 0. List the prime factors of ((-90)/(-72))/(d/(3576/3)).
5, 149
What are the prime factors of ((-346878)/3)/(-7) - 4 - 24/4?
2, 4127
Let v(w) = -14*w**2 + 3 + 1 + 3*w + 15*w**2. Let p be (-4)/(-22) + 1575/231. List the prime factors of v(p).
2, 37
Let f(j) = 4*j**2 - 19*j + 1. Let q be f(5). Suppose -9*c = -q*c - 378. What are the prime factors of c?
2, 3, 7
Suppose 3*o = 7 + 2, -5*z + 75535 = -5*o. What are the prime factors of z?
2, 5, 1511
List the prime factors of (0 - -2)/((-380)/(-236550)).
3, 5, 83
Let u = 21338 - 14978. What are the prime factors of u?
2, 3, 5, 53
Let s be (-14 - -103)/(2/10). Let v = s + -178. List the prime factors of v.
3, 89
Suppose 210646 + 166024 = 24*d + 11942. What are the prime factors of d?
7, 13, 167
Let b be 8/(-14) + 8/14. Suppose 490 = -b*j + 5*j. List the prime factors of j.
2, 7
Suppose 0 = -2*j + 7*j + 20. List the prime factors of (10/(-2) + -22)*(-3 + j).
3, 7
Suppose -2*i + 22 = 4*f - i, -f + 2*i = -1. Suppose -f*n - 5*p - 37 = -2, n = p + 1. List the prime factors of (1 + n)/(((-4)/9)/2).
3
Let h be 3 - (-145)/45 - 2/9. Suppose -h = -2*u + 2*g, u + g - 6 = -u. List the prime factors of u.
3
Suppose s - 5*a - 11201 = 13421, 0 = s + 3*a - 24638. List the prime factors of s.
2, 3079
Let p(c) = 12*c**2 + 22*c - 120. Let q be p(6). Let z = 138 + q. List the prime factors of z.
2, 3, 97
Let z(x) = 3*x**2 + 14*x + 7*x + 13*x**3 + 10*x + 1 - 28*x. Let p be z(-1). Let s(r) = r**2 + 6*r + 11. List the prime factors of s(p).
83
Suppose -60129 - 89084 = -4*m - n, m - 3*n = 37313. What are the prime factors of m?
2, 4663
Let i be (6/12*12)/(1 - 0). Suppose 2*f = i + 2. Suppose -f*o + 29 = -79. List the prime factors of o.
3
Let o be 1 + 2/((2 - 1) + 1). Suppose o*m + 270 = 4*x + 894, -5*x = 2*m + 780. Let b = x - -254. What are the prime factors of b?
2, 7
Suppose -2*n = -464 - 2098. Let u = n - 648. List the prime factors of u.
3, 211
Suppose 17*p = -2305 - 1605. Suppose 0*i + 2*i = -4. List the prime factors of (p/(-4))/((-1)/i).
5, 23
Let y(z) = -941*z**3 + 2*z**2 + 25*z - 9. List the prime factors of y(-4).
3, 41, 163
Suppose 2*v - s = 14, -13 = -3*v + 3*s + 11. Suppose 630 = -v*t + 3*t. Let d = t - -383. What are the prime factors of d?
173
Let t be -9*10/15 + 18. Suppose -20*g + 904 = -t*g. List the prime factors of g.
113
Let p be (0 - 0)*7/(-21). Suppose -162 = -9*d - p*d. Suppose 9*l - d*l = -1674. What are the prime factors of l?
2, 3, 31
Suppose 7*r = -2*r + 27. Suppose -r*u - 110 = 127. Let k = u - -131. List the prime factors of k.
2, 13
Let x = -276 - -881. Suppose 0 = -4*q + g + 2*g + 2496, -q + x = 4*g. List the prime factors of q.
3, 23
Suppose 0 = j + 2*k - 9134, -9*k + 14*k = -4*j + 36536. What are the prime factors of j?
2, 4567
Suppose -3*k - 3*s - 39 = 51, 93 = -3*k - 4*s. What are the prime factors of 21994/20 + k/(-90)?
2, 5, 11
Let d be 6/8*10*(1 - -117). Let s = -396 + d. List the prime factors of s.
3, 163
Let f = -101 + 405. List the prime factors of f.
2, 19
Let l(y) = -18*y - 184. Let g be l(-11). List the prime factors of -3 + g/(-49) + (-1054)/(-14).
2, 3
Suppose -5*n - 732 = -9*n. Suppose -n + 507 = x - 5*h, 318 = x - 3*h. List the prime factors of x.
3, 103
Let f be (7 - (-48)/(-6))*-5. Suppose 18*i - 13*i - 88 = 4*b, f*b = 15. What are the prime factors of i?
2, 5
L